 - 5*a, -b - 5*a - 72 = 514. Let r = 912 + b. Suppose -m + 87 = q, -5*m + r + 119 = 2*q. Is m composite?
True
Let t(c) = 11*c**2 + c**2 - 5*c**2 - 5*c**2 - 2*c + 2 + 101*c**3. Is t(3) prime?
True
Suppose -227 = -7*s + 11. Let p = 73 - s. Suppose m + 1 = p. Is m a composite number?
True
Suppose -4*w = 3*p - 241613, 0 = 5*w - 14*p + 9*p - 302060. Is w composite?
True
Let x = 0 - -3671. Is x a composite number?
False
Suppose 3*f = -5*q + 95680, 0 = 2*q + 2. Is f a prime number?
False
Suppose 0 = 2*b + i - 14499, -2*b - 28978 = -6*b + 2*i. Is b a prime number?
True
Let l = 21 - 17. Suppose 4*f + 5*p - 8 = 0, l*p + 0 = -f + 2. Suppose f*m - 3*d - 73 - 55 = 0, -158 = -3*m - 4*d. Is m a prime number?
False
Suppose -7312 = -8*s + 33976. Is s a composite number?
True
Let d(g) be the third derivative of 91*g**4/12 + 2*g**3/3 - 7*g**2. Let m be d(6). Suppose m - 278 = 2*c. Is c a prime number?
True
Is 5/(10/13436)*(-9)/(-6) composite?
True
Let k = 226 + -146. Let f = k - 47. Let d = 160 - f. Is d a prime number?
True
Let g(n) = n**3 - 8*n**2 + 6*n + 9. Let w be g(7). Suppose -2*t + 56 = 2*k - 0*k, 2*k + 44 = w*t. Let y = t + -2. Is y a prime number?
True
Let z = 1986 + 1151. Is z a prime number?
True
Let q(y) = 6 - 2 + 4*y - 25*y**3 - 1 + 16*y**3. Is q(-2) composite?
False
Suppose -17499 = -10*m + 971. Is m composite?
False
Let r(c) = -18*c**3 + 6*c**2 + 7*c + 3. Is r(-2) a composite number?
False
Let v = 85 + -78. Suppose 4*i - 4870 = -2*q, 3*q - v*q + 9744 = 4*i. Is q a prime number?
True
Let l = 59421 - 22382. Is l composite?
False
Let y = -19 - -7. Let q = 17 + y. Suppose 0 = -b - 0*b - q*j + 10, 5*b = -j + 122. Is b composite?
True
Suppose 5*b - 17 = -0*o + 3*o, 0 = -b + 3*o + 1. Suppose -i = -0*i - t - 7, 0 = -2*i + b*t + 18. Let u(k) = k**3 - 3*k - 7. Is u(i) a composite number?
False
Let u(s) be the third derivative of s**6/60 - 2*s**5/15 - s**4/8 - 5*s**3/6 + 2*s**2 + 47. Let o be (-27)/12*(-16)/6. Is u(o) prime?
False
Suppose 0 = -5*n - 3*f + 5*f + 8, -5*n - 2*f + 12 = 0. Suppose 26 = 4*h - 2*a, 5*h - 22 = h - n*a. Suppose 9*w - 318 = h*w. Is w a prime number?
False
Is (-229)/(-2)*(-10 - (-39 + 7)) a prime number?
False
Let n = 7296 + -613. Is n a composite number?
True
Let g = -4 + 8. Suppose g*k = 12 + 12. Is (7 - k)/(2/170) prime?
False
Suppose 3*b - 5289 - 252 = 0. Is b a composite number?
False
Let r(b) = b + 10. Let a be r(-9). Let u be a*10 - (-3 + 5). Is (-494)/(-14) - u/28 a prime number?
False
Suppose 11*h - 360800 = 60181. Is h prime?
False
Let l be 8/((-40)/1925) - -2. Let j = 4352 - l. Is j composite?
True
Let y = -28 - -33. Suppose -y*z + 6*z - 10 = 0. Is 6324/8 + 5/z a prime number?
False
Suppose 0 = 2*z + 3553 - 9587. Is z prime?
False
Suppose p - 5 = j - 4, 8 = 2*j. Let i(q) be the third derivative of -q**6/120 + q**5/12 + q**4/6 - q**3/6 - 6*q**2. Is i(p) a prime number?
True
Let n(p) = 397*p - 339. Is n(32) prime?
False
Suppose -2*x - 2 + 0 = -2*u, 3*x = -12. Let a(w) = -95*w + 4. Let g be a(u). Let h = -144 + g. Is h composite?
True
Suppose 67926 = 9*u - 134403. Is u prime?
True
Suppose -6*g = -5*t - 2*g - 29, 0 = -4*t + g - 32. Is (12/8)/(t/(-13722)) a prime number?
True
Let v(r) = 3*r**2 + 11*r - 4. Suppose 44 = -5*p - 1. Let h be v(p). Suppose 0 = 3*i + 3*d - 126, -4*d - 25 = -5*i + h. Is i a prime number?
True
Suppose -11*m + 229 = 9. Let n(o) = 44*o - 41. Is n(m) composite?
False
Is (24/(-16))/((119/28882)/(-17)) a prime number?
False
Suppose -z + 270420 = 32*q - 27*q, -q + 54058 = -5*z. Is q a prime number?
True
Let j be 33 - (3 + -2)*2. Suppose 0*p + j = p. Is p composite?
False
Let c be (-105)/9 + (-16)/12. Let i = 70 - c. Is i composite?
False
Let k(a) = -37*a + 13. Suppose 0 = 5*p + 55 - 10. Let f be k(p). Let v = f - 207. Is v prime?
True
Let d be (-36)/(-30)*-10*(-5)/3. Suppose -1752 = -4*b + 4*o, -6*o + 2*o = -d. Is b prime?
True
Suppose 3*u + 15 = -9. Let d be 1 - -2 - (u + 10). Is d/(-1 + 150/149) prime?
True
Let p be 3254/3 - (-3)/((-45)/10). Suppose -5*j = -4*s - 2733, -2*j + s - 4*s = -p. Is j prime?
False
Let o = -1 - -2. Let i be (o - 277)*(7 - 6). Is i/(-9) - 2/(-6) a composite number?
False
Suppose f = 3*f + 6, -2*f - 900 = 2*m. Let v be (17 - (-1 - -1))*64. Let w = m + v. Is w prime?
True
Let f(h) = 19*h - 28. Let o be f(4). Is o + (0 + 1)*(-13 - -14) a composite number?
True
Suppose 400 = 7*x - 6. Is x composite?
True
Let a be 966/70 - -4*(-1)/5. Suppose a*c + c - 40894 = 0. Is c prime?
False
Suppose 2*t = 3 + 9. Let x be 2040/14 + t/21. Let m = x + -89. Is m a prime number?
False
Let l(a) = 6*a - 1. Let n be l(1). Suppose 364 = -n*u + 1149. Is u composite?
False
Let c be (0 - 0)*(1 + 0). Suppose c = 6*w - 2*w + 508. Is w/(4/12*-3) a prime number?
True
Suppose 0*a + 3*a + 255 = 3*n, -n + 87 = -2*a. Let r(o) = -o - 1. Let w be r(-7). Suppose -k + n = 4*x, w + 61 = 3*x - 4*k. Is x a prime number?
False
Suppose -9*f + 36 = -3*f. Is (-3 - -6)*74/f a prime number?
True
Let g(y) = -y**3 - 5*y + 14591. Is g(0) composite?
False
Is 297518/18 - 106/(-477) prime?
True
Suppose 3*g = 14*g - 434489. Is g a prime number?
True
Suppose 11*j = 883 + 26804. Is j a prime number?
False
Let x = 3341 + 648. Is x a composite number?
False
Suppose -o = -5*p - 21, 0 = -5*p + o + o - 17. Is (-489)/p - (-8)/(-10) a composite number?
False
Let r(j) = -2*j + 46*j**3 - 16*j**2 - 23 - j - 45*j**3. Let u = 38 + -21. Is r(u) composite?
True
Let x be (2 + -401)*(1 + -2). Let g = x + 718. Is g a composite number?
False
Suppose 16*n - 12*n + 3*f = 58418, -n + 14609 = 3*f. Is n prime?
False
Suppose 9*g - 69959 + 6608 = 0. Is g prime?
True
Let b(w) = 138*w**3 - 3*w**2 - w + 4. Let c be b(2). Suppose 38*g = 36*g + c. Is g composite?
False
Let d(y) = 228*y**2 - 7*y - 5. Is d(-4) composite?
False
Let g(x) = -13*x**3 + 20*x**2 + 2*x + 27. Let p(z) = -9*z**3 + 13*z**2 + z + 18. Let k(f) = 5*g(f) - 7*p(f). Is k(-7) composite?
True
Suppose 0 = 4*d - 9*d + i + 19, 0 = -3*i - 12. Suppose 0*w + 3*w = d. Is 1/w - -2 - -220 composite?
False
Is (-540573)/(-66)*3/(6/4) a prime number?
True
Let g = 29514 - 17465. Is g a composite number?
False
Let m(c) = 6 - 5 + 3*c - 3*c + 2*c. Let w be m(1). Is -1 + w - (-58 - -2) prime?
False
Suppose 10*z = 3*z + 21. Let v(b) = 208*b + 7. Is v(z) prime?
True
Let h = -26 + 35. Let i(t) = 45*t**2 - 23*t - 5. Is i(h) a prime number?
True
Let h = 98 + 8. Is h composite?
True
Let v(l) be the third derivative of l**5/60 - l**4/8 - 2*l**3/3 + 8*l**2. Let z be v(4). Suppose -k = -z*k - 35. Is k prime?
False
Suppose 0*v - 4*v + 111508 = 0. Is v a prime number?
False
Let i(z) = -1414*z - 111. Is i(-10) a composite number?
False
Suppose 0 = 8*d - 4*d - 8. Suppose -3*b - 3 = -k, -2*k - 1 = -b - d. Suppose k*g = -4*g + 820. Is g prime?
False
Suppose 3*s + 5*r = 8, 5*s - 2*r = r - 32. Let k be (46/s - -2)*6. Is 181/(k/15 - -4) prime?
False
Suppose 39*n - 1641584 = -17*n. Is n prime?
False
Let w(x) be the first derivative of -x**4/4 + x**3/3 - 2*x**2 - 3*x + 4. Let r be w(-2). Suppose -s = 2*k - 193, -3*k + 276 + r = -2*s. Is k prime?
True
Is 304861/13 + 26/169 composite?
True
Suppose 5*z = -n + 16270, 5*z + 9*n = 6*n + 16270. Is z composite?
True
Let w = -11154 - -7566. Let p = -2027 - w. Is p composite?
True
Let i(l) = 1205*l + 2. Let b be i(4). Suppose d - 864 = 4*f, -b = -5*d - 2*f - 612. Suppose 5*n = n + d. Is n a prime number?
True
Suppose 26100 + 61986 = 6*r. Is r prime?
False
Let p(y) = y**3 - 7*y**2 + 4*y - 2. Let m be p(6). Let x = 65 - m. Is x a composite number?
False
Suppose 4*c - q - 244560 = 0, 0 = -c + 7*q - 9*q + 61131. Is c a prime number?
False
Let k be 6 - 0/(2/2). Suppose -5*v = -4 - k. Suppose v*y = y + 67. Is y prime?
True
Let c be (-15)/((0 + 1)*-1). Suppose j + 4*j = 4*n - c, 5*n + 5*j = -15. Suppose 2*l + 2*l - 16 = n. Is l composite?
True
Let i(x) = 231*x**2 - 14*x + 10. Is i(-5) composite?
True
Let x(l) = -55*l - 15. Let o(c) = -109*c - 30. Let y(f) = -3*o(f) + 5*x(f). Is y(23) a prime number?
False
Let g(t) be the second derivative of t**3/6 + 5*t**2/2 - 5*t. Let k be g(-3). Suppose -89 = -k*a + 65. Is a a composite number?
True
Let f(l) = l**3 - 13*l**2 + 9*l - 17. Let k be f(12). Let p = 90 + k. Is p a prime number?
True
Let x = -2354 - -2761. Is x a composite number?
True
Let j = -36 - -36. Supp